{"id":1541,"date":"2017-03-22T21:59:24","date_gmt":"2017-03-22T21:59:24","guid":{"rendered":"https:\/\/larevistadigital.com.ar\/blog\/wp-content\/uploads\/2017\/03\/diputados-marcos-pe\u00f1a.jpg"},"modified":"2017-03-22T21:59:31","modified_gmt":"2017-03-22T21:59:31","slug":"diputados-marcos-pena","status":"inherit","type":"attachment","link":"https:\/\/larevistadigital.com.ar\/blog\/marcos-pena-se-cruzo-fuerte-con-el-kirchnerismo-en-el-congreso\/diputados-marcos-pena\/","title":{"rendered":"diputados-marcos-pe\u00f1a"},"author":3,"featured_media":0,"comment_status":"open","ping_status":"closed","template":"","meta":[],"class_list":["post-1541","attachment","type-attachment","status-inherit"],"smush":"No procesado","jetpack_sharing_enabled":true,"jetpack_shortlink":"https:\/\/wp.me\/a8qtrQ-oR","description":{"rendered":"<p class=\"attachment\"><a href=\"https:\/\/i0.wp.com\/larevistadigital.com.ar\/blog\/wp-content\/uploads\/2017\/03\/diputados-marcos-pe%C3%B1a.jpg?ssl=1\"><img loading=\"lazy\" decoding=\"async\" width=\"300\" height=\"225\" src=\"https:\/\/i0.wp.com\/larevistadigital.com.ar\/blog\/wp-content\/uploads\/2017\/03\/diputados-marcos-pe%C3%B1a.jpg?fit=300%2C225&amp;ssl=1\" class=\"attachment-medium size-medium\" alt=\"\" \/><\/a><\/p>\n"},"caption":{"rendered":"<div class=\"mh-excerpt\"><p>zzzznacp2NOTICIAS ARGENTINAS BAIRES, AGOSTO 24: El jefe de Gabinete, Marcos Pe\u00f1a, da su segundo informe en representaci\u00f3n del gobierno ante la C\u00e1mara de Diputados sobre la gesti\u00f3n de gobierno.<br \/>\nFoto NA: DANIEL VIDESzzzz <a class=\"mh-excerpt-more\" href=\"https:\/\/larevistadigital.com.ar\/blog\/marcos-pena-se-cruzo-fuerte-con-el-kirchnerismo-en-el-congreso\/diputados-marcos-pena\/\" title=\"diputados-marcos-pe\u00f1a\">[Leer M\u00e1s]<\/a><\/p>\n<\/div>"},"alt_text":"","media_type":"image","mime_type":"image\/jpeg","media_details":{"width":1200,"height":900,"file":"2017\/03\/diputados-marcos-pe\u00f1a.jpg","sizes":{"thumbnail":{"file":"diputados-marcos-pe\u00f1a-150x150.jpg","width":150,"height":150,"mime_type":"image\/jpeg","source_url":"https:\/\/i0.wp.com\/larevistadigital.com.ar\/blog\/wp-content\/uploads\/2017\/03\/diputados-marcos-pe%C3%B1a.jpg?resize=150%2C150&ssl=1"},"medium":{"file":"diputados-marcos-pe\u00f1a-300x225.jpg","width":300,"height":225,"mime_type":"image\/jpeg","source_url":"https:\/\/i0.wp.com\/larevistadigital.com.ar\/blog\/wp-content\/uploads\/2017\/03\/diputados-marcos-pe%C3%B1a.jpg?fit=300%2C225&ssl=1"},"medium_large":{"file":"diputados-marcos-pe\u00f1a-768x576.jpg","width":768,"height":576,"mime_type":"image\/jpeg","source_url":"https:\/\/i0.wp.com\/larevistadigital.com.ar\/blog\/wp-content\/uploads\/2017\/03\/diputados-marcos-pe%C3%B1a.jpg?fit=768%2C576&ssl=1"},"large":{"file":"diputados-marcos-pe\u00f1a-1024x768.jpg","width":1024,"height":768,"mime_type":"image\/jpeg","source_url":"https:\/\/i0.wp.com\/larevistadigital.com.ar\/blog\/wp-content\/uploads\/2017\/03\/diputados-marcos-pe%C3%B1a.jpg?fit=1024%2C768&ssl=1"},"mh-magazine-slider":{"file":"diputados-marcos-pe\u00f1a-1030x438.jpg","width":1030,"height":438,"mime_type":"image\/jpeg","source_url":"https:\/\/i0.wp.com\/larevistadigital.com.ar\/blog\/wp-content\/uploads\/2017\/03\/diputados-marcos-pe%C3%B1a.jpg?resize=1030%2C438&ssl=1"},"mh-magazine-content":{"file":"diputados-marcos-pe\u00f1a-678x381.jpg","width":678,"height":381,"mime_type":"image\/jpeg","source_url":"https:\/\/i0.wp.com\/larevistadigital.com.ar\/blog\/wp-content\/uploads\/2017\/03\/diputados-marcos-pe%C3%B1a.jpg?resize=678%2C381&ssl=1"},"mh-magazine-large":{"file":"diputados-marcos-pe\u00f1a-678x509.jpg","width":678,"height":509,"mime_type":"image\/jpeg","source_url":"https:\/\/i0.wp.com\/larevistadigital.com.ar\/blog\/wp-content\/uploads\/2017\/03\/diputados-marcos-pe%C3%B1a.jpg?resize=678%2C509&ssl=1"},"mh-magazine-medium":{"file":"diputados-marcos-pe\u00f1a-326x245.jpg","width":326,"height":245,"mime_type":"image\/jpeg","source_url":"https:\/\/i0.wp.com\/larevistadigital.com.ar\/blog\/wp-content\/uploads\/2017\/03\/diputados-marcos-pe%C3%B1a.jpg?resize=326%2C245&ssl=1"},"mh-magazine-small":{"file":"diputados-marcos-pe\u00f1a-80x60.jpg","width":80,"height":60,"mime_type":"image\/jpeg","source_url":"https:\/\/i0.wp.com\/larevistadigital.com.ar\/blog\/wp-content\/uploads\/2017\/03\/diputados-marcos-pe%C3%B1a.jpg?resize=80%2C60&ssl=1"},"full":{"file":"diputados-marcos-pe%C3%B1a.jpg?fit=1200%2C900&ssl=1","width":1200,"height":900,"mime_type":"image\/jpeg","source_url":"https:\/\/i0.wp.com\/larevistadigital.com.ar\/blog\/wp-content\/uploads\/2017\/03\/diputados-marcos-pe%C3%B1a.jpg?fit=1200%2C900&ssl=1"}},"image_meta":{"aperture":"4","credit":"","camera":"Canon EOS 6D","caption":"zzzznacp2NOTICIAS ARGENTINAS BAIRES, AGOSTO 24: El jefe de Gabinete, Marcos Pe\u00f1a, da su segundo informe en representaci\u00f3n del gobierno ante la C\u00e1mara de Diputados sobre la gesti\u00f3n de gobierno.\rFoto NA: DANIEL VIDESzzzz","created_timestamp":"1472047936","copyright":"","focal_length":"93","iso":"2000","shutter_speed":"0.008","title":"","orientation":"1","keywords":[]}},"post":1539,"source_url":"https:\/\/larevistadigital.com.ar\/blog\/wp-content\/uploads\/2017\/03\/diputados-marcos-pe\u00f1a.jpg","_links":{"self":[{"href":"https:\/\/larevistadigital.com.ar\/blog\/wp-json\/wp\/v2\/media\/1541","targetHints":{"allow":["GET"]}}],"collection":[{"href":"https:\/\/larevistadigital.com.ar\/blog\/wp-json\/wp\/v2\/media"}],"about":[{"href":"https:\/\/larevistadigital.com.ar\/blog\/wp-json\/wp\/v2\/types\/attachment"}],"author":[{"embeddable":true,"href":"https:\/\/larevistadigital.com.ar\/blog\/wp-json\/wp\/v2\/users\/3"}],"replies":[{"embeddable":true,"href":"https:\/\/larevistadigital.com.ar\/blog\/wp-json\/wp\/v2\/comments?post=1541"}]}}

https://larevistadigital.com.ar/blog/wp-content/uploads/2017/03/diputados-marcos-peña.jpg

diputados-marcos-peña

<div class="mh-excerpt"><p>zzzznacp2NOTICIAS ARGENTINAS BAIRES, AGOSTO 24: El jefe de Gabinete, Marcos Peña, da su segundo informe en representación del gobierno ante la Cámara de Diputados sobre la gestión de gobierno.<br />
Foto NA: DANIEL VIDESzzzz <a class="mh-excerpt-more" href="https://larevistadigital.com.ar/blog/marcos-pena-se-cruzo-fuerte-con-el-kirchnerismo-en-el-congreso/diputados-marcos-pena/" title="diputados-marcos-peña">[Leer Más]</a></p>
</div>

2017/03/diputados-marcos-peña.jpg

diputados-marcos-peña-150x150.jpg

diputados-marcos-peña-300x225.jpg

diputados-marcos-peña-768x576.jpg

diputados-marcos-peña-1024x768.jpg

diputados-marcos-peña-1030x438.jpg

diputados-marcos-peña-678x381.jpg

diputados-marcos-peña-678x509.jpg

diputados-marcos-peña-326x245.jpg

diputados-marcos-peña-80x60.jpg

zzzznacp2NOTICIAS ARGENTINAS BAIRES, AGOSTO 24: El jefe de Gabinete, Marcos Peña, da su segundo informe en representación del gobierno ante la Cámara de Diputados sobre la gestión de gobierno.Foto NA: DANIEL VIDESzzzz
