{"id":15932,"date":"2020-08-10T23:13:07","date_gmt":"2020-08-10T23:13:07","guid":{"rendered":"https:\/\/larevistadigital.com.ar\/blog\/wp-content\/uploads\/95487-hormiga-20del-20infierno.jpg"},"modified":"2020-08-10T23:13:20","modified_gmt":"2020-08-10T23:13:20","slug":"95487-hormiga-20del-20infierno","status":"inherit","type":"attachment","link":"https:\/\/larevistadigital.com.ar\/blog\/hallan-en-birmania-un-fosil-de-la-extinta-hormiga-del-infierno\/95487-hormiga-20del-20infierno\/","title":{"rendered":"95487-hormiga-20del-20infierno"},"author":3,"featured_media":0,"comment_status":"open","ping_status":"closed","template":"","meta":[],"class_list":["post-15932","attachment","type-attachment","status-inherit"],"smush":{"stats":{"percent":4.123175419636384,"bytes":12056,"size_before":292396,"size_after":280340,"time":0.27,"api_version":"1.0","lossy":false,"keep_exif":0},"sizes":{"medium":{"percent":5.26,"bytes":721,"size_before":13716,"size_after":12995,"time":0.01},"thumbnail":{"percent":6.53,"bytes":433,"size_before":6636,"size_after":6203,"time":0.01},"medium_large":{"percent":3.9,"bytes":2632,"size_before":67501,"size_after":64869,"time":0.03},"mh-magazine-slider":{"percent":3.75,"bytes":2751,"size_before":73451,"size_after":70700,"time":0.06},"mh-magazine-content":{"percent":3.96,"bytes":1921,"size_before":48546,"size_after":46625,"time":0.02},"mh-magazine-large":{"percent":3.96,"bytes":2464,"size_before":62199,"size_after":59735,"time":0.08},"mh-magazine-medium":{"percent":5.19,"bytes":948,"size_before":18267,"size_after":17319,"time":0.05},"mh-magazine-small":{"percent":8.94,"bytes":186,"size_before":2080,"size_after":1894,"time":0.01}}},"jetpack_sharing_enabled":true,"jetpack_shortlink":"https:\/\/wp.me\/a8qtrQ-48Y","description":{"rendered":"<p class=\"attachment\"><a href=\"https:\/\/i0.wp.com\/larevistadigital.com.ar\/blog\/wp-content\/uploads\/95487-hormiga-20del-20infierno.jpg?ssl=1\"><img loading=\"lazy\" decoding=\"async\" width=\"300\" height=\"200\" src=\"https:\/\/i0.wp.com\/larevistadigital.com.ar\/blog\/wp-content\/uploads\/95487-hormiga-20del-20infierno.jpg?fit=300%2C200&amp;ssl=1\" class=\"attachment-medium size-medium\" alt=\"\" srcset=\"https:\/\/i0.wp.com\/larevistadigital.com.ar\/blog\/wp-content\/uploads\/95487-hormiga-20del-20infierno.jpg?w=960&amp;ssl=1 960w, https:\/\/i0.wp.com\/larevistadigital.com.ar\/blog\/wp-content\/uploads\/95487-hormiga-20del-20infierno.jpg?resize=300%2C200&amp;ssl=1 300w, https:\/\/i0.wp.com\/larevistadigital.com.ar\/blog\/wp-content\/uploads\/95487-hormiga-20del-20infierno.jpg?resize=768%2C512&amp;ssl=1 768w\" sizes=\"auto, (max-width: 300px) 100vw, 300px\" \/><\/a><\/p>\n<p>Se estima que estas hormigas mov\u00edan sus mand\u00edbulas en forma de hoz, hacia arriba, para inmovilizar a su presa contra la protuberancia en forma de cuerno que ten\u00edan entre sus antenas. <\/p>\n"},"caption":{"rendered":"<div class=\"mh-excerpt\"><p>Se estima que estas hormigas mov\u00edan sus mand\u00edbulas en forma de hoz, hacia arriba, para inmovilizar a su presa contra la protuberancia en forma de cuerno que ten\u00edan entre sus antenas.<\/p>\n<\/div>"},"alt_text":"","media_type":"image","mime_type":"image\/jpeg","media_details":{"width":960,"height":640,"file":"95487-hormiga-20del-20infierno.jpg","sizes":{"medium":{"file":"95487-hormiga-20del-20infierno-300x200.jpg","width":300,"height":200,"mime_type":"image\/jpeg","source_url":"https:\/\/i0.wp.com\/larevistadigital.com.ar\/blog\/wp-content\/uploads\/95487-hormiga-20del-20infierno.jpg?fit=300%2C200&ssl=1"},"thumbnail":{"file":"95487-hormiga-20del-20infierno-150x150.jpg","width":150,"height":150,"mime_type":"image\/jpeg","source_url":"https:\/\/i0.wp.com\/larevistadigital.com.ar\/blog\/wp-content\/uploads\/95487-hormiga-20del-20infierno.jpg?resize=150%2C150&ssl=1"},"medium_large":{"file":"95487-hormiga-20del-20infierno-768x512.jpg","width":768,"height":512,"mime_type":"image\/jpeg","source_url":"https:\/\/i0.wp.com\/larevistadigital.com.ar\/blog\/wp-content\/uploads\/95487-hormiga-20del-20infierno.jpg?fit=768%2C512&ssl=1"},"mh-magazine-slider":{"file":"95487-hormiga-20del-20infierno-960x438.jpg","width":960,"height":438,"mime_type":"image\/jpeg","source_url":"https:\/\/i0.wp.com\/larevistadigital.com.ar\/blog\/wp-content\/uploads\/95487-hormiga-20del-20infierno.jpg?resize=960%2C438&ssl=1"},"mh-magazine-content":{"file":"95487-hormiga-20del-20infierno-678x381.jpg","width":678,"height":381,"mime_type":"image\/jpeg","source_url":"https:\/\/i0.wp.com\/larevistadigital.com.ar\/blog\/wp-content\/uploads\/95487-hormiga-20del-20infierno.jpg?resize=678%2C381&ssl=1"},"mh-magazine-large":{"file":"95487-hormiga-20del-20infierno-678x509.jpg","width":678,"height":509,"mime_type":"image\/jpeg","source_url":"https:\/\/i0.wp.com\/larevistadigital.com.ar\/blog\/wp-content\/uploads\/95487-hormiga-20del-20infierno.jpg?resize=678%2C509&ssl=1"},"mh-magazine-medium":{"file":"95487-hormiga-20del-20infierno-326x245.jpg","width":326,"height":245,"mime_type":"image\/jpeg","source_url":"https:\/\/i0.wp.com\/larevistadigital.com.ar\/blog\/wp-content\/uploads\/95487-hormiga-20del-20infierno.jpg?resize=326%2C245&ssl=1"},"mh-magazine-small":{"file":"95487-hormiga-20del-20infierno-80x60.jpg","width":80,"height":60,"mime_type":"image\/jpeg","source_url":"https:\/\/i0.wp.com\/larevistadigital.com.ar\/blog\/wp-content\/uploads\/95487-hormiga-20del-20infierno.jpg?resize=80%2C60&ssl=1"},"full":{"file":"95487-hormiga-20del-20infierno.jpg?fit=960%2C640&ssl=1","width":960,"height":640,"mime_type":"image\/jpeg","source_url":"https:\/\/i0.wp.com\/larevistadigital.com.ar\/blog\/wp-content\/uploads\/95487-hormiga-20del-20infierno.jpg?fit=960%2C640&ssl=1"}},"image_meta":{"aperture":"0","credit":"","camera":"","caption":"","created_timestamp":"0","copyright":"","focal_length":"0","iso":"0","shutter_speed":"0","title":"","orientation":"0"}},"post":15931,"source_url":"https:\/\/larevistadigital.com.ar\/blog\/wp-content\/uploads\/95487-hormiga-20del-20infierno.jpg","_links":{"self":[{"href":"https:\/\/larevistadigital.com.ar\/blog\/wp-json\/wp\/v2\/media\/15932","targetHints":{"allow":["GET"]}}],"collection":[{"href":"https:\/\/larevistadigital.com.ar\/blog\/wp-json\/wp\/v2\/media"}],"about":[{"href":"https:\/\/larevistadigital.com.ar\/blog\/wp-json\/wp\/v2\/types\/attachment"}],"author":[{"embeddable":true,"href":"https:\/\/larevistadigital.com.ar\/blog\/wp-json\/wp\/v2\/users\/3"}],"replies":[{"embeddable":true,"href":"https:\/\/larevistadigital.com.ar\/blog\/wp-json\/wp\/v2\/comments?post=15932"}]}}

<p class="attachment"><a href="https://i0.wp.com/larevistadigital.com.ar/blog/wp-content/uploads/95487-hormiga-20del-20infierno.jpg?ssl=1"><img loading="lazy" decoding="async" width="300" height="200" src="https://i0.wp.com/larevistadigital.com.ar/blog/wp-content/uploads/95487-hormiga-20del-20infierno.jpg?fit=300%2C200&amp;ssl=1" class="attachment-medium size-medium" alt="" srcset="https://i0.wp.com/larevistadigital.com.ar/blog/wp-content/uploads/95487-hormiga-20del-20infierno.jpg?w=960&amp;ssl=1 960w, https://i0.wp.com/larevistadigital.com.ar/blog/wp-content/uploads/95487-hormiga-20del-20infierno.jpg?resize=300%2C200&amp;ssl=1 300w, https://i0.wp.com/larevistadigital.com.ar/blog/wp-content/uploads/95487-hormiga-20del-20infierno.jpg?resize=768%2C512&amp;ssl=1 768w" sizes="auto, (max-width: 300px) 100vw, 300px" /></a></p>
<p>Se estima que estas hormigas movían sus mandíbulas en forma de hoz, hacia arriba, para inmovilizar a su presa contra la protuberancia en forma de cuerno que tenían entre sus antenas. </p>

<div class="mh-excerpt"><p>Se estima que estas hormigas movían sus mandíbulas en forma de hoz, hacia arriba, para inmovilizar a su presa contra la protuberancia en forma de cuerno que tenían entre sus antenas.</p>
</div>
