{"id":9210,"date":"2019-03-19T15:44:17","date_gmt":"2019-03-19T15:44:17","guid":{"rendered":"https:\/\/larevistadigital.com.ar\/blog\/wp-content\/uploads\/2019\/03\/05-01-FOTO-Quir\u00f3fano-m\u00f3vil.jpg"},"modified":"2019-03-19T15:44:17","modified_gmt":"2019-03-19T15:44:17","slug":"05-01-foto-quirofano-movil","status":"inherit","type":"attachment","link":"https:\/\/larevistadigital.com.ar\/blog\/se-creara-un-hospital-de-mascotas-en-lomas-de-zamora-que-sera-unico-en-la-provincia\/05-01-foto-quirofano-movil\/","title":{"rendered":"05-01-FOTO-Quir\u00f3fano-m\u00f3vil"},"author":3,"featured_media":0,"comment_status":"open","ping_status":"closed","template":"","meta":[],"class_list":["post-9210","attachment","type-attachment","status-inherit"],"smush":{"stats":{"percent":2.4619518432775322,"bytes":11783,"size_before":478604,"size_after":466821,"time":0.24999999999999997,"api_version":"1.0","lossy":false,"keep_exif":0},"sizes":{"thumbnail":{"percent":9.47,"bytes":881,"size_before":9301,"size_after":8420,"time":0.01},"medium":{"percent":5.56,"bytes":961,"size_before":17289,"size_after":16328,"time":0.01},"medium_large":{"percent":1.86,"bytes":1381,"size_before":74128,"size_after":72747,"time":0.03},"large":{"percent":1.74,"bytes":2044,"size_before":117779,"size_after":115735,"time":0.07},"mh-magazine-slider":{"percent":1.94,"bytes":1843,"size_before":95009,"size_after":93166,"time":0.04},"mh-magazine-content":{"percent":2.17,"bytes":1319,"size_before":60895,"size_after":59576,"time":0.02},"mh-magazine-large":{"percent":2.05,"bytes":1566,"size_before":76460,"size_after":74894,"time":0.03},"mh-magazine-medium":{"percent":4.5,"bytes":1093,"size_before":24265,"size_after":23172,"time":0.02},"mh-magazine-small":{"percent":19.98,"bytes":695,"size_before":3478,"size_after":2783,"time":0.02}}},"jetpack_sharing_enabled":true,"jetpack_shortlink":"https:\/\/wp.me\/a8qtrQ-2oy","description":{"rendered":"<p class=\"attachment\"><a href=\"https:\/\/i0.wp.com\/larevistadigital.com.ar\/blog\/wp-content\/uploads\/2019\/03\/05-01-FOTO-Quir%C3%B3fano-m%C3%B3vil.jpg?ssl=1\"><img loading=\"lazy\" decoding=\"async\" width=\"300\" height=\"169\" src=\"https:\/\/i0.wp.com\/larevistadigital.com.ar\/blog\/wp-content\/uploads\/2019\/03\/05-01-FOTO-Quir%C3%B3fano-m%C3%B3vil.jpg?fit=300%2C169&amp;ssl=1\" class=\"attachment-medium size-medium\" alt=\"\" \/><\/a><\/p>\n"},"caption":{"rendered":"<div class=\"mh-excerpt\"><\/div>"},"alt_text":"","media_type":"image","mime_type":"image\/jpeg","media_details":{"width":1350,"height":760,"file":"2019\/03\/05-01-FOTO-Quir\u00f3fano-m\u00f3vil.jpg","sizes":{"thumbnail":{"file":"05-01-FOTO-Quir\u00f3fano-m\u00f3vil-150x150.jpg","width":150,"height":150,"mime_type":"image\/jpeg","source_url":"https:\/\/i0.wp.com\/larevistadigital.com.ar\/blog\/wp-content\/uploads\/2019\/03\/05-01-FOTO-Quir%C3%B3fano-m%C3%B3vil.jpg?resize=150%2C150&ssl=1"},"medium":{"file":"05-01-FOTO-Quir\u00f3fano-m\u00f3vil-300x169.jpg","width":300,"height":169,"mime_type":"image\/jpeg","source_url":"https:\/\/i0.wp.com\/larevistadigital.com.ar\/blog\/wp-content\/uploads\/2019\/03\/05-01-FOTO-Quir%C3%B3fano-m%C3%B3vil.jpg?fit=300%2C169&ssl=1"},"medium_large":{"file":"05-01-FOTO-Quir\u00f3fano-m\u00f3vil-768x432.jpg","width":768,"height":432,"mime_type":"image\/jpeg","source_url":"https:\/\/i0.wp.com\/larevistadigital.com.ar\/blog\/wp-content\/uploads\/2019\/03\/05-01-FOTO-Quir%C3%B3fano-m%C3%B3vil.jpg?fit=768%2C432&ssl=1"},"large":{"file":"05-01-FOTO-Quir\u00f3fano-m\u00f3vil-1024x576.jpg","width":1024,"height":576,"mime_type":"image\/jpeg","source_url":"https:\/\/i0.wp.com\/larevistadigital.com.ar\/blog\/wp-content\/uploads\/2019\/03\/05-01-FOTO-Quir%C3%B3fano-m%C3%B3vil.jpg?fit=1024%2C576&ssl=1"},"mh-magazine-slider":{"file":"05-01-FOTO-Quir\u00f3fano-m\u00f3vil-1030x438.jpg","width":1030,"height":438,"mime_type":"image\/jpeg","source_url":"https:\/\/i0.wp.com\/larevistadigital.com.ar\/blog\/wp-content\/uploads\/2019\/03\/05-01-FOTO-Quir%C3%B3fano-m%C3%B3vil.jpg?resize=1030%2C438&ssl=1"},"mh-magazine-content":{"file":"05-01-FOTO-Quir\u00f3fano-m\u00f3vil-678x381.jpg","width":678,"height":381,"mime_type":"image\/jpeg","source_url":"https:\/\/i0.wp.com\/larevistadigital.com.ar\/blog\/wp-content\/uploads\/2019\/03\/05-01-FOTO-Quir%C3%B3fano-m%C3%B3vil.jpg?resize=678%2C381&ssl=1"},"mh-magazine-large":{"file":"05-01-FOTO-Quir\u00f3fano-m\u00f3vil-678x509.jpg","width":678,"height":509,"mime_type":"image\/jpeg","source_url":"https:\/\/i0.wp.com\/larevistadigital.com.ar\/blog\/wp-content\/uploads\/2019\/03\/05-01-FOTO-Quir%C3%B3fano-m%C3%B3vil.jpg?resize=678%2C509&ssl=1"},"mh-magazine-medium":{"file":"05-01-FOTO-Quir\u00f3fano-m\u00f3vil-326x245.jpg","width":326,"height":245,"mime_type":"image\/jpeg","source_url":"https:\/\/i0.wp.com\/larevistadigital.com.ar\/blog\/wp-content\/uploads\/2019\/03\/05-01-FOTO-Quir%C3%B3fano-m%C3%B3vil.jpg?resize=326%2C245&ssl=1"},"mh-magazine-small":{"file":"05-01-FOTO-Quir\u00f3fano-m\u00f3vil-80x60.jpg","width":80,"height":60,"mime_type":"image\/jpeg","source_url":"https:\/\/i0.wp.com\/larevistadigital.com.ar\/blog\/wp-content\/uploads\/2019\/03\/05-01-FOTO-Quir%C3%B3fano-m%C3%B3vil.jpg?resize=80%2C60&ssl=1"},"full":{"file":"05-01-FOTO-Quir%C3%B3fano-m%C3%B3vil.jpg?fit=1350%2C760&ssl=1","width":1350,"height":760,"mime_type":"image\/jpeg","source_url":"https:\/\/i0.wp.com\/larevistadigital.com.ar\/blog\/wp-content\/uploads\/2019\/03\/05-01-FOTO-Quir%C3%B3fano-m%C3%B3vil.jpg?fit=1350%2C760&ssl=1"}},"image_meta":{"aperture":"0","credit":"","camera":"","caption":"","created_timestamp":"0","copyright":"","focal_length":"0","iso":"0","shutter_speed":"0","title":"","orientation":"0"}},"post":9209,"source_url":"https:\/\/larevistadigital.com.ar\/blog\/wp-content\/uploads\/2019\/03\/05-01-FOTO-Quir\u00f3fano-m\u00f3vil.jpg","_links":{"self":[{"href":"https:\/\/larevistadigital.com.ar\/blog\/wp-json\/wp\/v2\/media\/9210","targetHints":{"allow":["GET"]}}],"collection":[{"href":"https:\/\/larevistadigital.com.ar\/blog\/wp-json\/wp\/v2\/media"}],"about":[{"href":"https:\/\/larevistadigital.com.ar\/blog\/wp-json\/wp\/v2\/types\/attachment"}],"author":[{"embeddable":true,"href":"https:\/\/larevistadigital.com.ar\/blog\/wp-json\/wp\/v2\/users\/3"}],"replies":[{"embeddable":true,"href":"https:\/\/larevistadigital.com.ar\/blog\/wp-json\/wp\/v2\/comments?post=9210"}]}}

https://larevistadigital.com.ar/blog/wp-content/uploads/2019/03/05-01-FOTO-Quirófano-móvil.jpg

05-01-FOTO-Quirófano-móvil

2019/03/05-01-FOTO-Quirófano-móvil.jpg

05-01-FOTO-Quirófano-móvil-150x150.jpg

05-01-FOTO-Quirófano-móvil-300x169.jpg

05-01-FOTO-Quirófano-móvil-768x432.jpg

05-01-FOTO-Quirófano-móvil-1024x576.jpg

05-01-FOTO-Quirófano-móvil-1030x438.jpg

05-01-FOTO-Quirófano-móvil-678x381.jpg

05-01-FOTO-Quirófano-móvil-678x509.jpg

05-01-FOTO-Quirófano-móvil-326x245.jpg

05-01-FOTO-Quirófano-móvil-80x60.jpg
